-8).
-8
Let c(j) = 5*j**2 + 517*j - 5102. Determine c(9).
-44
Let d(n) = -134*n**2 - 48224*n + 5714. What is d(-360)?
-46
Let j(p) = -14108*p - 197513. Give j(-14).
-1
Let c(o) = -o**2 + 2049*o - 835666. Determine c(562).
28
Let x(i) = -64*i**2 - 6989*i - 1383. Calculate x(-109).
34
Let y(x) = 5*x**3 - x**2 - 7*x - 65. Give y(4).
211
Let p(r) = -630*r**2 - 1923*r + 4. Calculate p(-3).
103
Let q(t) = -t**3 - 119*t**2 - 454*t + 35. Calculate q(-115).
-655
Let f(j) = -2979317*j - 89379516. Calculate f(-30).
-6
Let z(g) = -10402*g - 176940. Give z(-17).
-106
Let z(n) = 6*n**2 + 1452*n + 12592. Give z(-9).
10
Let v(c) = 18664*c + 3191547. Calculate v(-171).
3
Let w(j) = -j**2 + 587*j - 11367. Determine w(567).
-27
Let r(k) = 4*k**3 + 274*k**2 - 21037*k - 1442037. Give r(-69).
-6
Let m(t) = -4*t**2 - 152*t + 452. Determine m(-40).
132
Let g(j) = -j**2 + 1656*j + 324475. Determine g(-177).
34
Let k(z) = -1312*z**2 - 3926*z + 68. Give k(-3).
38
Let x(f) = 12*f**2 + 339*f + 192. Give x(-26).
-510
Let a(x) = 126*x**2 - 3659*x + 150. Give a(29).
5
Let q(m) = 4*m**3 + 9*m**2 - 32*m + 233. Give q(6).
1229
Let p(a) = 17*a**3 - 1310*a**2 - 1277*a + 104252. What is p(77)?
-6
Let i(r) = -87*r**3 - r**2 - 2249*r - 16. What is i(0)?
-16
Let b(m) = -18579*m + 186163. Give b(10).
373
Let n(p) = p**3 + 2*p**2 - 25*p - 12. What is n(-11)?
-826
Let h(q) = -4041*q + 7919. Give h(2).
-163
Let v(f) = -3*f**3 - f**2 + 103*f - 3459. Determine v(0).
-3459
Let l(q) = 19*q + 2878. Determine l(-163).
-219
Let l(d) = -604*d - 7389. Calculate l(-13).
463
Let b(f) = f**3 - 72*f**2 + 2685*f - 100189. Calculate b(56).
-5
Let j(b) = 3*b**3 - 68*b**2 - 328*b - 7. What is j(-5)?
-442
Let y(v) = -33157*v + 1425792. What is y(43)?
41
Let a(o) = -o**3 - 38*o**2 - 593*o + 7695. Calculate a(8).
7
Let j(o) = -5*o**2 - 308*o + 1257. Determine j(-71).
-2080
Let k(g) = 820*g + 232034. Calculate k(-283).
-26
Let y(s) = s**2 - 132*s - 7226. Determine y(175).
299
Let k(i) = i**2 - 3345*i + 216402. Give k(66).
-12
Let d(n) = -2796*n + 14188. Calculate d(5).
208
Let g(t) = -7*t**3 - 1001*t**2 - 62*t - 8777. What is g(-143)?
89
Let k(h) = 2*h**2 + 207*h + 3851. Give k(-78).
-127
Let c(f) = 33689*f + 168422. Give c(-5).
-23
Let j(m) = m**3 - 59*m**2 - 105*m + 2582. What is j(60)?
-118
Let g(n) = 5247*n - 131244. Give g(25).
-69
Let l(g) = -676*g + 4020. Calculate l(6).
-36
Let n(y) = 51560*y - 309362. Determine n(6).
-2
Let j(o) = o**3 + 16*o**2 - 3*o + 27. What is j(-16)?
75
Let g(s) = -676*s - 134594. Determine g(-199).
-70
Let w(h) = -416971*h + 41280132. What is w(99)?
3
Let u(z) = 2*z**3 + 92*z**2 + 25*z + 610. Calculate u(-46).
-540
Let h(j) = 228*j + 35484. Give h(-159).
-768
Let j(x) = -26*x**2 + 483*x - 856. Determine j(2).
6
Let v(r) = 17*r**3 + 3828*r**2 + 664*r - 2657. Give v(-225).
-182
Let q(j) = -4375*j + 56778. What is q(13)?
-97
Let g(h) = -2551*h + 13809. Determine g(6).
-1497
Let h(t) = -53*t**2 - 15921*t + 9624. What is h(-301)?
-8
Let k(a) = -262*a + 27120. What is k(104)?
-128
Let g(y) = y**3 - 342*y**2 - 633*y + 99459. Give g(343).
-11
Let z(p) = -5*p**2 + 4*p + 487. Calculate z(15).
-578
Let j(q) = 2*q**3 + 9*q**2 - 4540*q - 27143. Give j(-6).
-11
Let d(y) = -6*y**2 - 500*y + 2536. What is d(5)?
-114
Let u(w) = -103*w**2 + 5666*w - 85. What is u(55)?
-30
Let k(i) = 50*i**2 - 1583*i - 685. What is k(32)?
-141
Let k(v) = -v**3 - 38*v**2 - 165*v + 8. Give k(-5).
8
Let l(x) = -x**3 + 102*x**2 - 2327*x + 11730. Give l(23).
0
Let p(t) = t**3 + 1319*t**2 + 3966*t + 52. Give p(-3).
-2
Let k(q) = 13738*q - 233682. What is k(17)?
-136
Let j(s) = -171188*s - 513589. Give j(-3).
-25
Let b(m) = -20566*m + 21902794. Calculate b(1065).
4
Let u(d) = -2*d**3 - 20*d**2 + 10*d + 109. Give u(-9).
-143
Let g(o) = 6096*o - 103496. Give g(17).
136
Let u(v) = 4*v**3 - 318*v**2 - 156*v + 180. What is u(80)?
500
Let a(q) = q**3 - 23*q**2 + 50*q - 228. Determine a(25).
2272
Let f(q) = -q**3 - 28*q**2 - 771*q - 20092. Calculate f(-27).
-4
Let i(z) = -z**2 + 81039*z - 1296362. Give i(16).
6
Let s(x) = 40*x**3 + x**2 + 6*x + 29. Calculate s(-3).
-1060
Let d(k) = -2*k**2 - 20957*k - 251640. Calculate d(-12).
-444
Let c(j) = 3154*j - 1908163. What is c(605)?
7
Let c(y) = 6509*y + 39298. What is c(-6)?
244
Let z(p) = -2*p**3 + 146*p**2 + 4*p + 15. What is z(73)?
307
Let f(m) = 3*m**2 - 454*m - 14. Give f(0).
-14
Let z(w) = 2*w**3 - 656*w**2 + 24035*w - 483. Calculate z(42).
-21
Let m(x) = 4559*x + 54587. Determine m(-12).
-121
Let y(a) = -271*a - 34172. What is y(-126)?
-26
Let o(u) = -13*u**3 - 468*u**2 + 36*u + 114. Give o(-36).
-1182
Let s(h) = 2*h**3 + 250*h**2 + 259*h + 1451. Calculate s(-124).
87
Let a(p) = -p**3 + 16*p**2 + 139*p + 2170. What is a(25)?
20
Let z(s) = 26217*s + 288281. What is z(-11)?
-106
Let k(c) = -5*c**2 + 236*c + 6744. Determine k(-26).
-2772
Let g(l) = -65*l**2 + 3832*l - 42848. Give g(15).
7
Let b(w) = -2*w**3 - 57*w**2 - 4247*w - 118068. Give b(-28).
64
Let v(z) = 1893*z - 9281. What is v(5)?
184
Let s(j) = 3012*j - 38465. Give s(13).
691
Let n(o) = 2*o**3 - 462*o**2 - 445*o - 4261. What is n(232)?
147
Let w(y) = y**2 + 49*y + 523. What is w(-30)?
-47
Let p(b) = b**3 - 1064*b**2 + 943*b + 127556. Give p(1063).
-4
Let r(z) = 1676*z**2 - 3252*z + 4. Calculate r(2).
204
Let z(s) = -9*s**2 + 1809*s + 263716. Calculate z(299).
-2
Let r(a) = -7*a + 458. Calculate r(83).
-123
Let s(u) = -6392*u - 63732. Give s(-10).
188
Let u(v) = -8285*v - 173975. Determine u(-21).
10
Let x(z) = -z**2 + 210*z - 5002. Determine x(27).
-61
Let s(j) = 4*j**3 - 516*j**2 - 1038*j - 185. Calculate s(131).
1125
Let z(g) = 49*g**2 - 20332*g + 19046. Give z(414).
2
Let f(s) = s**2 - 35610*s - 498765. Determine f(-14).
-29
Let z(b) = -b**3 + 90*b**2 - 2115*b + 8874. Give z(31).
8
Let m(a) = 28*a**3 + 6746*a**2 - 480*a + 537. What is m(-241)?
55
Let w(o) = 7*o**2 + 685*o - 1859. What is w(-100)?
-359
Let i(r) = -2096*r + 336934. Give i(160).
1574
Let z(c) = 2*c**3 + 40*c**2 - 111*c - 273. Calculate z(4).
51
Let c(i) = -9*i**2 + 648*i + 683. Give c(73).
26
Let i(u) = 593*u**2 - 7062*u - 654. What is i(12)?
-6
Let b(v) = -2*v**3 - 22*v**2 - 490*v - 7991. Give b(-14).
45
Let z(j) = -234*j - 39416. Give z(-170).
364
Let a(d) = 8*d**2 - 6831*d + 59998. Calculate a(845).
3
Let w(l) = 1324*l - 5657. Give w(4).
-361
Let b(x) = -x**2 - 299553*x + 3894352. Determine b(13).
-6
Let v(m) = 501*m + 18519. Determine v(-37).
-18
Let c(x) = 2*x**2 - 36155*x + 144583. Give c(4).
-5
Let g(i) = 10282*i + 31128. Calculate g(-3).
282
Let i(a) = -a**2 - 12*a + 1229. Give i(-46).
-335
Let v(m) = 85372*m - 597563. What is v(7)?
41
Let t(q) = 2674*q + 182096. Give t(-68).
264
Let w(s) = 12*s**2 + 338*s - 1454. What is w(4)?
90
Let i(p) = -18430*p - 552908. What is i(-30)?
-8
Let w(k) = -895*k**2 - 39378*k + 90. Determine w(-44).
2
Let s(a) = 213*a**3 + 5*a**2 + 44*a + 87. What is s(-2)?
-1685
Let o(t) = -2*t**3 + 117*t**2 + 358*t - 3255. Calculate o(61).
-22
Let a(w) = -68*w**2 + 12236*w + 726. Give a(180).
6
Let x(b) = b**3 + 25*b**2 - 2493*b + 170. Determine x(-64).
-22
Let p(m) = -2*m**3 + 472*m**2 - 6623*m - 1329. Calculate p(221).
218
Let p(x) = -3*x**2 - 710*x - 24054. What is p(-41)?
13
Let l(x) = 4*x**3 - 634*x**2 - 8484*x - 11277. Give l(171).
9
Let m(w) = -78*w**2 + 1316*w + 673. Determine m(18).
-911
Let x(a) = a**3 - 74*a**2 + 10*a - 389. Determine x(74).
351
Let u(p) = -1529*p - 493871. What is u(-323)?
-4
Let i(l) = -846*l - 33828. What is i(-40)?
12
Let m(d) = 509*d**2 + 2037*d - 3. Give m(-4).
-7
Let v(t) = t**3 - 68*t**2 + 1076*t - 368. Calculate v(43).
-325
Let w(z) = -z**3 + 16*z**2 - 54*z + 884. Determine w(15).
299
Let y(s) = 7256*s - 62527. Determine y(8).
-4479
Let r(f) = -3*f**2 - 1235*f + 21773. Give r(17).
-89
Let f(m) = m**2 - 218*m - 5029. Determine f(239).
-10
Let d(x) = 224*x - 6629. What is d(20)?
-2149
Let g(i) = -3541*i - 2751354. Calculate g(-777).
3
Let i(q) = -q**3 + 276*q**2 + 3753*q + 1459. Give i(289).
303
Let j(b) = -14065*b + 2925551. Give j(208).
31
Let i(k) = 4634*k - 231810. Determine i(50).
-110
Let k(l) = -2*l**3 + 1573*l**2 - 17836*l + 8533. Determine k(775).
8
Let v(w) = -4*w**3 + 21*w**2 + 1841*w - 44. Calculate v(-19).
-6
Let a(r) = -16*r + 652. Give a(23).
284
Let z(s) = 2*s**3 - 49